{"id":998,"date":"2018-05-26T14:14:16","date_gmt":"2018-05-26T12:14:16","guid":{"rendered":"https:\/\/www.fablab-sud31.fr\/?page_id=998"},"modified":"2018-06-20T09:10:33","modified_gmt":"2018-06-20T07:10:33","slug":"la-picoreuse","status":"publish","type":"page","link":"https:\/\/www.fablab-sud31.fr\/index.php\/la-picoreuse","title":{"rendered":"La Picoreuse"},"content":{"rendered":"<h1><em>Par S\u00e9bastien Durand<\/em><\/h1>\n<h4>C&rsquo;est quoi ?<\/h4>\n<p>La Picoreuse est une embosseuse braille A4 peu co\u00fbteuse\u00a0 (75\u20ac), facile \u00e0 fabriquer.<\/p>\n<p>Ce projet a pour but de servir de premier pas ou base de travail pour d&rsquo;autres <em>makers<\/em> afin de fournir une alternative sur le co\u00fbteux march\u00e9 des embosseuses (3000 \u20ac)<\/p>\n<p>L&rsquo;id\u00e9e de ce projet est n\u00e9e afin de r\u00e9pondre aux besoins de l&rsquo;association <a href=\"https:\/\/www.facebook.com\/APAC-Association-ParA-Cheval-376365289452052\/\" class=\"external external_icon\" rel=\"nofollow\" target=\"_blank\">ParACheval<\/a>, qui a pour but la promotion de l&rsquo;\u00e9quitation pour les personnes atteintes d&rsquo;un handicap visible ou invisible et la lutte contre la discrimination dans l&rsquo;\u00e9quitation.<\/p>\n<h4>Outillage utilis\u00e9<\/h4>\n<ul>\n<li>D\u00e9coupeuse laser KH-750<\/li>\n<li>Labo \u00e9lectronique<\/li>\n<\/ul>\n<h4>Photos<\/h4>\n<div id='gallery-1' class='gallery galleryid-998 gallery-columns-4 gallery-size-medium'><figure class='gallery-item'>\n\t\t\t<div class='gallery-icon landscape'>\n\t\t\t\t<a href='https:\/\/www.fablab-sud31.fr\/wp-content\/uploads\/2018\/05\/la_picoreuse_01.jpg'><img loading=\"lazy\" decoding=\"async\" width=\"300\" height=\"199\" src=\"https:\/\/www.fablab-sud31.fr\/wp-content\/uploads\/2018\/05\/la_picoreuse_01-300x199.jpg\" class=\"attachment-medium size-medium\" alt=\"\" aria-describedby=\"gallery-1-999\" srcset=\"https:\/\/www.fablab-sud31.fr\/wp-content\/uploads\/2018\/05\/la_picoreuse_01-300x199.jpg 300w, https:\/\/www.fablab-sud31.fr\/wp-content\/uploads\/2018\/05\/la_picoreuse_01-768x510.jpg 768w, https:\/\/www.fablab-sud31.fr\/wp-content\/uploads\/2018\/05\/la_picoreuse_01-1024x680.jpg 1024w\" sizes=\"auto, 100vw\" \/><\/a>\n\t\t\t<\/div>\n\t\t\t\t<figcaption class='wp-caption-text gallery-caption' id='gallery-1-999'>\n\t\t\t\tLa Picoreuse &#8211; face avant\n\t\t\t\t<\/figcaption><\/figure><figure class='gallery-item'>\n\t\t\t<div class='gallery-icon landscape'>\n\t\t\t\t<a href='https:\/\/www.fablab-sud31.fr\/wp-content\/uploads\/2018\/05\/la_picoreuse_02.jpg'><img loading=\"lazy\" decoding=\"async\" width=\"300\" height=\"199\" src=\"https:\/\/www.fablab-sud31.fr\/wp-content\/uploads\/2018\/05\/la_picoreuse_02-300x199.jpg\" class=\"attachment-medium size-medium\" alt=\"\" aria-describedby=\"gallery-1-1000\" srcset=\"https:\/\/www.fablab-sud31.fr\/wp-content\/uploads\/2018\/05\/la_picoreuse_02-300x199.jpg 300w, https:\/\/www.fablab-sud31.fr\/wp-content\/uploads\/2018\/05\/la_picoreuse_02-768x510.jpg 768w, https:\/\/www.fablab-sud31.fr\/wp-content\/uploads\/2018\/05\/la_picoreuse_02-1024x680.jpg 1024w\" sizes=\"auto, 100vw\" \/><\/a>\n\t\t\t<\/div>\n\t\t\t\t<figcaption class='wp-caption-text gallery-caption' id='gallery-1-1000'>\n\t\t\t\tLa Picoreuse &#8211; face arri\u00e8re\n\t\t\t\t<\/figcaption><\/figure><figure class='gallery-item'>\n\t\t\t<div class='gallery-icon landscape'>\n\t\t\t\t<a href='https:\/\/www.fablab-sud31.fr\/wp-content\/uploads\/2018\/05\/la_picoreuse_03.jpg'><img loading=\"lazy\" decoding=\"async\" width=\"300\" height=\"199\" src=\"https:\/\/www.fablab-sud31.fr\/wp-content\/uploads\/2018\/05\/la_picoreuse_03-300x199.jpg\" class=\"attachment-medium size-medium\" alt=\"\" aria-describedby=\"gallery-1-1001\" srcset=\"https:\/\/www.fablab-sud31.fr\/wp-content\/uploads\/2018\/05\/la_picoreuse_03-300x199.jpg 300w, https:\/\/www.fablab-sud31.fr\/wp-content\/uploads\/2018\/05\/la_picoreuse_03-768x510.jpg 768w, https:\/\/www.fablab-sud31.fr\/wp-content\/uploads\/2018\/05\/la_picoreuse_03-1024x680.jpg 1024w\" sizes=\"auto, 100vw\" \/><\/a>\n\t\t\t<\/div>\n\t\t\t\t<figcaption class='wp-caption-text gallery-caption' id='gallery-1-1001'>\n\t\t\t\tLa Picoreuse &#8211; d\u00e9tail\n\t\t\t\t<\/figcaption><\/figure>\n\t\t<\/div>\n\n<h4>Vid\u00e9o<\/h4>\n<p><iframe loading=\"lazy\" title=\"Picoreuse Build\" width=\"525\" height=\"394\" src=\"https:\/\/www.youtube.com\/embed\/xycg4nxUUws?feature=oembed\" frameborder=\"0\" allow=\"accelerometer; autoplay; clipboard-write; encrypted-media; gyroscope; picture-in-picture; web-share\" referrerpolicy=\"strict-origin-when-cross-origin\" allowfullscreen><\/iframe><\/p>\n<h4>Liens<\/h4>\n<p>La fabriquer :\u00a0<a href=\"https:\/\/www.instructables.com\/id\/Cheap-Braille-Embosser-La-Picoreuse\/\" class=\"external external_icon\" rel=\"nofollow\" target=\"_blank\">https:\/\/www.instructables.com\/id\/Cheap-Braille-Embosser-La-Picoreuse\/<\/a><\/p>\n<p>Code source :\u00a0<a href=\"https:\/\/github.com\/iapafoto\/BraillePrinter\" class=\"external external_icon\" rel=\"nofollow\" target=\"_blank\">https:\/\/github.com\/iapafoto\/BraillePrinter<\/a><\/p>\n<p>Mod\u00e8les de coupe :\u00a0<a href=\"https:\/\/www.thingiverse.com\/thing:2841496\" class=\"external external_icon\" rel=\"nofollow\" target=\"_blank\">https:\/\/www.thingiverse.com\/thing:2841496<\/a><\/p>\n<p>&nbsp;<\/p>\n","protected":false},"excerpt":{"rendered":"<p>Par S\u00e9bastien Durand C&rsquo;est quoi ? La Picoreuse est une embosseuse braille A4 peu co\u00fbteuse\u00a0 (75\u20ac), facile \u00e0 fabriquer. Ce projet a pour but de servir de premier pas ou &hellip; <\/p>\n<p class=\"link-more\"><a href=\"https:\/\/www.fablab-sud31.fr\/index.php\/la-picoreuse\" class=\"more-link\">Continuer la lecture<span class=\"screen-reader-text\"> de &laquo;&nbsp;La Picoreuse&nbsp;&raquo;<\/span><\/a><\/p>\n","protected":false},"author":1,"featured_media":999,"parent":0,"menu_order":0,"comment_status":"closed","ping_status":"closed","template":"","meta":{"footnotes":""},"class_list":["post-998","page","type-page","status-publish","has-post-thumbnail","hentry"],"_links":{"self":[{"href":"https:\/\/www.fablab-sud31.fr\/index.php\/wp-json\/wp\/v2\/pages\/998","targetHints":{"allow":["GET"]}}],"collection":[{"href":"https:\/\/www.fablab-sud31.fr\/index.php\/wp-json\/wp\/v2\/pages"}],"about":[{"href":"https:\/\/www.fablab-sud31.fr\/index.php\/wp-json\/wp\/v2\/types\/page"}],"author":[{"embeddable":true,"href":"https:\/\/www.fablab-sud31.fr\/index.php\/wp-json\/wp\/v2\/users\/1"}],"replies":[{"embeddable":true,"href":"https:\/\/www.fablab-sud31.fr\/index.php\/wp-json\/wp\/v2\/comments?post=998"}],"version-history":[{"count":15,"href":"https:\/\/www.fablab-sud31.fr\/index.php\/wp-json\/wp\/v2\/pages\/998\/revisions"}],"predecessor-version":[{"id":1193,"href":"https:\/\/www.fablab-sud31.fr\/index.php\/wp-json\/wp\/v2\/pages\/998\/revisions\/1193"}],"wp:featuredmedia":[{"embeddable":true,"href":"https:\/\/www.fablab-sud31.fr\/index.php\/wp-json\/wp\/v2\/media\/999"}],"wp:attachment":[{"href":"https:\/\/www.fablab-sud31.fr\/index.php\/wp-json\/wp\/v2\/media?parent=998"}],"curies":[{"name":"wp","href":"https:\/\/api.w.org\/{rel}","templated":true}]}}

<h1><em>Par Sébastien Durand</em></h1>
<h4>C&rsquo;est quoi ?</h4>
<p>La Picoreuse est une embosseuse braille A4 peu coûteuse  (75€), facile à fabriquer.</p>
<p>Ce projet a pour but de servir de premier pas ou base de travail pour d&rsquo;autres <em>makers</em> afin de fournir une alternative sur le coûteux marché des embosseuses (3000 €)</p>
<p>L&rsquo;idée de ce projet est née afin de répondre aux besoins de l&rsquo;association <a href="https://www.facebook.com/APAC-Association-ParA-Cheval-376365289452052/" class="external external_icon" rel="nofollow" target="_blank">ParACheval</a>, qui a pour but la promotion de l&rsquo;équitation pour les personnes atteintes d&rsquo;un handicap visible ou invisible et la lutte contre la discrimination dans l&rsquo;équitation.</p>
<h4>Outillage utilisé</h4>
<ul>
<li>Découpeuse laser KH-750</li>
<li>Labo électronique</li>
</ul>
<h4>Photos</h4>
<div id='gallery-1' class='gallery galleryid-998 gallery-columns-4 gallery-size-medium'><figure class='gallery-item'>
			<div class='gallery-icon landscape'>
				<a href='https://www.fablab-sud31.fr/wp-content/uploads/2018/05/la_picoreuse_01.jpg'><img loading="lazy" decoding="async" width="300" height="199" src="https://www.fablab-sud31.fr/wp-content/uploads/2018/05/la_picoreuse_01-300x199.jpg" class="attachment-medium size-medium" alt="" aria-describedby="gallery-1-999" srcset="https://www.fablab-sud31.fr/wp-content/uploads/2018/05/la_picoreuse_01-300x199.jpg 300w, https://www.fablab-sud31.fr/wp-content/uploads/2018/05/la_picoreuse_01-768x510.jpg 768w, https://www.fablab-sud31.fr/wp-content/uploads/2018/05/la_picoreuse_01-1024x680.jpg 1024w" sizes="auto, 100vw" /></a>
			</div>
				<figcaption class='wp-caption-text gallery-caption' id='gallery-1-999'>
				La Picoreuse &#8211; face avant
				</figcaption></figure><figure class='gallery-item'>
			<div class='gallery-icon landscape'>
				<a href='https://www.fablab-sud31.fr/wp-content/uploads/2018/05/la_picoreuse_02.jpg'><img loading="lazy" decoding="async" width="300" height="199" src="https://www.fablab-sud31.fr/wp-content/uploads/2018/05/la_picoreuse_02-300x199.jpg" class="attachment-medium size-medium" alt="" aria-describedby="gallery-1-1000" srcset="https://www.fablab-sud31.fr/wp-content/uploads/2018/05/la_picoreuse_02-300x199.jpg 300w, https://www.fablab-sud31.fr/wp-content/uploads/2018/05/la_picoreuse_02-768x510.jpg 768w, https://www.fablab-sud31.fr/wp-content/uploads/2018/05/la_picoreuse_02-1024x680.jpg 1024w" sizes="auto, 100vw" /></a>
			</div>
				<figcaption class='wp-caption-text gallery-caption' id='gallery-1-1000'>
				La Picoreuse &#8211; face arrière
				</figcaption></figure><figure class='gallery-item'>
			<div class='gallery-icon landscape'>
				<a href='https://www.fablab-sud31.fr/wp-content/uploads/2018/05/la_picoreuse_03.jpg'><img loading="lazy" decoding="async" width="300" height="199" src="https://www.fablab-sud31.fr/wp-content/uploads/2018/05/la_picoreuse_03-300x199.jpg" class="attachment-medium size-medium" alt="" aria-describedby="gallery-1-1001" srcset="https://www.fablab-sud31.fr/wp-content/uploads/2018/05/la_picoreuse_03-300x199.jpg 300w, https://www.fablab-sud31.fr/wp-content/uploads/2018/05/la_picoreuse_03-768x510.jpg 768w, https://www.fablab-sud31.fr/wp-content/uploads/2018/05/la_picoreuse_03-1024x680.jpg 1024w" sizes="auto, 100vw" /></a>
			</div>
				<figcaption class='wp-caption-text gallery-caption' id='gallery-1-1001'>
				La Picoreuse &#8211; détail
				</figcaption></figure>
		</div>

<h4>Vidéo</h4>
<p><iframe loading="lazy" title="Picoreuse Build" width="525" height="394" src="https://www.youtube.com/embed/xycg4nxUUws?feature=oembed" frameborder="0" allow="accelerometer; autoplay; clipboard-write; encrypted-media; gyroscope; picture-in-picture; web-share" referrerpolicy="strict-origin-when-cross-origin" allowfullscreen></iframe></p>
<h4>Liens</h4>
<p>La fabriquer : <a href="https://www.instructables.com/id/Cheap-Braille-Embosser-La-Picoreuse/" class="external external_icon" rel="nofollow" target="_blank">https://www.instructables.com/id/Cheap-Braille-Embosser-La-Picoreuse/</a></p>
<p>Code source : <a href="https://github.com/iapafoto/BraillePrinter" class="external external_icon" rel="nofollow" target="_blank">https://github.com/iapafoto/BraillePrinter</a></p>
<p>Modèles de coupe : <a href="https://www.thingiverse.com/thing:2841496" class="external external_icon" rel="nofollow" target="_blank">https://www.thingiverse.com/thing:2841496</a></p>
<p>&nbsp;</p>

<p>Par Sébastien Durand C&rsquo;est quoi ? La Picoreuse est une embosseuse braille A4 peu coûteuse  (75€), facile à fabriquer. Ce projet a pour but de servir de premier pas ou &hellip; </p>
<p class="link-more"><a href="https://www.fablab-sud31.fr/index.php/la-picoreuse" class="more-link">Continuer la lecture<span class="screen-reader-text"> de &laquo;&nbsp;La Picoreuse&nbsp;&raquo;</span></a></p>
