{"id":53,"date":"2017-07-03T13:31:27","date_gmt":"2017-07-03T13:31:27","guid":{"rendered":"https:\/\/www.fablab-sud31.fr\/wordpress\/?page_id=53"},"modified":"2019-03-24T06:59:37","modified_gmt":"2019-03-24T05:59:37","slug":"qui-sommes-nous","status":"publish","type":"page","link":"https:\/\/www.fablab-sud31.fr\/index.php\/qui-sommes-nous","title":{"rendered":"Qui sommes nous ?"},"content":{"rendered":"<h1><strong>Par qui est-ce g\u00e9r\u00e9 ?<\/strong><\/h1>\n<p>Le Fab Lab Sud31-Val d&rsquo;Ari\u00e8ge est une association loi 1901 g\u00e9r\u00e9e par un conseil d&rsquo;administration de 7 personnes, comprenant :<\/p>\n<ul>\n<li>Un pr\u00e9sident<\/li>\n<li>Un secr\u00e9taire<\/li>\n<li>Un tr\u00e9sorier<\/li>\n<li>Quatre administrateurs<\/li>\n<\/ul>\n<h1><strong>Comment nous contacter ?<\/strong><\/h1>\n<ul>\n<li>mail : contact [at] fablab-sud31.fr<\/li>\n<li>twitter : <a href=\"https:\/\/twitter.com\/FabLabSud31\" class=\"external external_icon\" rel=\"nofollow\" target=\"_blank\">@FabLabSud31<\/a><\/li>\n<li>Facebook : <a href=\"https:\/\/www.facebook.com\/FabLabSud31\" class=\"external external_icon\" rel=\"nofollow\" target=\"_blank\">https:\/\/www.facebook.com\/FabLabSud31<\/a><\/li>\n<\/ul>\n","protected":false},"excerpt":{"rendered":"<p>Par qui est-ce g\u00e9r\u00e9 ? Le Fab Lab Sud31-Val d&rsquo;Ari\u00e8ge est une association loi 1901 g\u00e9r\u00e9e par un conseil d&rsquo;administration de 7 personnes, comprenant : Un pr\u00e9sident Un secr\u00e9taire Un &hellip; <\/p>\n<p class=\"link-more\"><a href=\"https:\/\/www.fablab-sud31.fr\/index.php\/qui-sommes-nous\" class=\"more-link\">Continuer la lecture<span class=\"screen-reader-text\"> de &laquo;&nbsp;Qui sommes nous ?&nbsp;&raquo;<\/span><\/a><\/p>\n","protected":false},"author":1,"featured_media":0,"parent":0,"menu_order":0,"comment_status":"closed","ping_status":"closed","template":"","meta":{"footnotes":""},"class_list":["post-53","page","type-page","status-publish","hentry"],"_links":{"self":[{"href":"https:\/\/www.fablab-sud31.fr\/index.php\/wp-json\/wp\/v2\/pages\/53","targetHints":{"allow":["GET"]}}],"collection":[{"href":"https:\/\/www.fablab-sud31.fr\/index.php\/wp-json\/wp\/v2\/pages"}],"about":[{"href":"https:\/\/www.fablab-sud31.fr\/index.php\/wp-json\/wp\/v2\/types\/page"}],"author":[{"embeddable":true,"href":"https:\/\/www.fablab-sud31.fr\/index.php\/wp-json\/wp\/v2\/users\/1"}],"replies":[{"embeddable":true,"href":"https:\/\/www.fablab-sud31.fr\/index.php\/wp-json\/wp\/v2\/comments?post=53"}],"version-history":[{"count":4,"href":"https:\/\/www.fablab-sud31.fr\/index.php\/wp-json\/wp\/v2\/pages\/53\/revisions"}],"predecessor-version":[{"id":1220,"href":"https:\/\/www.fablab-sud31.fr\/index.php\/wp-json\/wp\/v2\/pages\/53\/revisions\/1220"}],"wp:attachment":[{"href":"https:\/\/www.fablab-sud31.fr\/index.php\/wp-json\/wp\/v2\/media?parent=53"}],"curies":[{"name":"wp","href":"https:\/\/api.w.org\/{rel}","templated":true}]}}

<h1><strong>Par qui est-ce géré ?</strong></h1>
<p>Le Fab Lab Sud31-Val d&rsquo;Ariège est une association loi 1901 gérée par un conseil d&rsquo;administration de 7 personnes, comprenant :</p>
<ul>
<li>Un président</li>
<li>Un secrétaire</li>
<li>Un trésorier</li>
<li>Quatre administrateurs</li>
</ul>
<h1><strong>Comment nous contacter ?</strong></h1>
<ul>
<li>mail : contact [at] fablab-sud31.fr</li>
<li>twitter : <a href="https://twitter.com/FabLabSud31" class="external external_icon" rel="nofollow" target="_blank">@FabLabSud31</a></li>
<li>Facebook : <a href="https://www.facebook.com/FabLabSud31" class="external external_icon" rel="nofollow" target="_blank">https://www.facebook.com/FabLabSud31</a></li>
</ul>

<p>Par qui est-ce géré ? Le Fab Lab Sud31-Val d&rsquo;Ariège est une association loi 1901 gérée par un conseil d&rsquo;administration de 7 personnes, comprenant : Un président Un secrétaire Un &hellip; </p>
<p class="link-more"><a href="https://www.fablab-sud31.fr/index.php/qui-sommes-nous" class="more-link">Continuer la lecture<span class="screen-reader-text"> de &laquo;&nbsp;Qui sommes nous ?&nbsp;&raquo;</span></a></p>
