{"id":224,"date":"2017-07-03T17:43:44","date_gmt":"2017-07-03T15:43:44","guid":{"rendered":"https:\/\/www.fablab-sud31.fr\/wordpress\/?page_id=224"},"modified":"2017-07-03T21:55:09","modified_gmt":"2017-07-03T19:55:09","slug":"adherer","status":"publish","type":"page","link":"https:\/\/www.fablab-sud31.fr\/index.php\/adherer","title":{"rendered":"Adh\u00e9rer"},"content":{"rendered":"<h1>Comment adh\u00e9rer au Fab Lab Sud31-Val d&rsquo;Ari\u00e8ge ?<\/h1>\n<p>Tout simplement en passant nous voir. Dans le cas d&rsquo;une adh\u00e9sion \u00e0 demi-tarif, pensez \u00e0 amener les justificatifs n\u00e9cessaires.<\/p>\n<h1>Combien \u00e7a co\u00fbte ?<\/h1>\n<h2>Cotisation personne physique<\/h2>\n<table class=\"table table-striped\">\n<thead>\n<tr>\n<th>Statut<\/th>\n<th>Tarif annuel<\/th>\n<\/tr>\n<\/thead>\n<tbody>\n<tr>\n<td>Membre usager<\/td>\n<td>50 \u20ac<\/td>\n<\/tr>\n<tr>\n<td>\u00a0\u00a0\u00a0\u00a0\u00a0\u00a0 Enfant de moins de 16 ans \/ demandeur d&#8217;emploi \/ \u00e9tudiant<\/td>\n<td>25 \u20ac<\/td>\n<\/tr>\n<tr>\n<td>Membre bienfaiteur<\/td>\n<td>plus de 50 \u20ac<\/td>\n<\/tr>\n<tr>\n<td>Famille<\/td>\n<td>75 \u20ac<\/td>\n<\/tr>\n<\/tbody>\n<\/table>\n<ul>\n<li>Membre bienfaiteur : a droit de vote aux assembl\u00e9es g\u00e9n\u00e9rales de l&rsquo;association, et peut se pr\u00e9senter au conseil d&rsquo;administration au bout de six mois d&rsquo;anciennet\u00e9.<\/li>\n<li>Enfants de moins de 16 ans, les \u00e9tudiants et les demandeurs d&#8217;emploi : un justificatif est \u00e0 pr\u00e9senter lors de l&rsquo;inscription.<\/li>\n<li>Famille : groupe compos\u00e9 d&rsquo;au moins deux personnes de la m\u00eame famille proche (couples, adulte(s) avec enfants, etc.)<\/li>\n<\/ul>\n<h2>Cotisation personne morale<\/h2>\n<table class=\"table table-striped\">\n<thead>\n<tr>\n<th>Statut<\/th>\n<th>Tarif annuel<\/th>\n<\/tr>\n<\/thead>\n<tbody>\n<tr>\n<td>Association, entreprise de moins de 10 personnes, collectivit\u00e9<\/td>\n<td>100 \u20ac<\/td>\n<\/tr>\n<tr>\n<td>Entreprise de 10 personnes et plus<\/td>\n<td>500 \u20ac<\/td>\n<\/tr>\n<\/tbody>\n<\/table>\n<ul>\n<li>Association, entreprise de moins de 10 personnes, collectivit\u00e9 : dans la limite de 3 personnes identifi\u00e9es.<\/li>\n<li>Entreprise de 10 personnes et plus : dans la limite de 5 personnes identifi\u00e9es.<\/li>\n<\/ul>\n<p>Une personne morale est membre de plein droit de l&rsquo;association, et a donc droit de vote aux assembl\u00e9es g\u00e9n\u00e9rales de l&rsquo;association, et peut se pr\u00e9senter au conseil d&rsquo;administration au bout de six mois d&rsquo;anciennet\u00e9 par l&rsquo;interm\u00e9diaire de son repr\u00e9sentant identifi\u00e9 lors de l&rsquo;inscription.<\/p>\n<p>Pour information, le montant de la cotisation est valable 1 an \u00e0 compter de la date de r\u00e8glement de l&rsquo;adh\u00e9sion.<\/p>\n<h2>Pour les adh\u00e9rents<\/h2>\n<table class=\"table table-striped\">\n<thead>\n<tr>\n<th>Service<\/th>\n<th>Tarification<\/th>\n<\/tr>\n<\/thead>\n<tbody>\n<tr>\n<td>Acc\u00e8s au local<\/td>\n<td>Gratuit (compris dans la cotisation)<\/td>\n<\/tr>\n<tr>\n<td>Acc\u00e8s au petit outillage<\/td>\n<td>Gratuit (compris dans la cotisation)<\/td>\n<\/tr>\n<tr>\n<td>Acc\u00e8s au gros outillage<\/td>\n<td>Tarification \u00e0 l&rsquo;heure (en fonction de l&rsquo;outil)<\/td>\n<\/tr>\n<\/tbody>\n<\/table>\n<h1>Les documents essentiels<\/h1>\n<p>En attendant, vous pouvez jeter un \u0153il aux <a href=\"https:\/\/www.fablab-sud31.fr\/index.php\/documents\/\" hreflang=\"fr\">documents essentiels du Fab Lab<\/a>.<\/p>\n","protected":false},"excerpt":{"rendered":"<p>Comment adh\u00e9rer au Fab Lab Sud31-Val d&rsquo;Ari\u00e8ge ? Tout simplement en passant nous voir. Dans le cas d&rsquo;une adh\u00e9sion \u00e0 demi-tarif, pensez \u00e0 amener les justificatifs n\u00e9cessaires. Combien \u00e7a co\u00fbte &hellip; <\/p>\n<p class=\"link-more\"><a href=\"https:\/\/www.fablab-sud31.fr\/index.php\/adherer\" class=\"more-link\">Continuer la lecture<span class=\"screen-reader-text\"> de &laquo;&nbsp;Adh\u00e9rer&nbsp;&raquo;<\/span><\/a><\/p>\n","protected":false},"author":1,"featured_media":0,"parent":0,"menu_order":0,"comment_status":"closed","ping_status":"closed","template":"","meta":{"footnotes":""},"class_list":["post-224","page","type-page","status-publish","hentry"],"_links":{"self":[{"href":"https:\/\/www.fablab-sud31.fr\/index.php\/wp-json\/wp\/v2\/pages\/224","targetHints":{"allow":["GET"]}}],"collection":[{"href":"https:\/\/www.fablab-sud31.fr\/index.php\/wp-json\/wp\/v2\/pages"}],"about":[{"href":"https:\/\/www.fablab-sud31.fr\/index.php\/wp-json\/wp\/v2\/types\/page"}],"author":[{"embeddable":true,"href":"https:\/\/www.fablab-sud31.fr\/index.php\/wp-json\/wp\/v2\/users\/1"}],"replies":[{"embeddable":true,"href":"https:\/\/www.fablab-sud31.fr\/index.php\/wp-json\/wp\/v2\/comments?post=224"}],"version-history":[{"count":3,"href":"https:\/\/www.fablab-sud31.fr\/index.php\/wp-json\/wp\/v2\/pages\/224\/revisions"}],"predecessor-version":[{"id":621,"href":"https:\/\/www.fablab-sud31.fr\/index.php\/wp-json\/wp\/v2\/pages\/224\/revisions\/621"}],"wp:attachment":[{"href":"https:\/\/www.fablab-sud31.fr\/index.php\/wp-json\/wp\/v2\/media?parent=224"}],"curies":[{"name":"wp","href":"https:\/\/api.w.org\/{rel}","templated":true}]}}

Adhérer

<h1>Comment adhérer au Fab Lab Sud31-Val d&rsquo;Ariège ?</h1>
<p>Tout simplement en passant nous voir. Dans le cas d&rsquo;une adhésion à demi-tarif, pensez à amener les justificatifs nécessaires.</p>
<h1>Combien ça coûte ?</h1>
<h2>Cotisation personne physique</h2>
<table class="table table-striped">
<thead>
<tr>
<th>Statut</th>
<th>Tarif annuel</th>
</tr>
</thead>
<tbody>
<tr>
<td>Membre usager</td>
<td>50 €</td>
</tr>
<tr>
<td>       Enfant de moins de 16 ans / demandeur d&#8217;emploi / étudiant</td>
<td>25 €</td>
</tr>
<tr>
<td>Membre bienfaiteur</td>
<td>plus de 50 €</td>
</tr>
<tr>
<td>Famille</td>
<td>75 €</td>
</tr>
</tbody>
</table>
<ul>
<li>Membre bienfaiteur : a droit de vote aux assemblées générales de l&rsquo;association, et peut se présenter au conseil d&rsquo;administration au bout de six mois d&rsquo;ancienneté.</li>
<li>Enfants de moins de 16 ans, les étudiants et les demandeurs d&#8217;emploi : un justificatif est à présenter lors de l&rsquo;inscription.</li>
<li>Famille : groupe composé d&rsquo;au moins deux personnes de la même famille proche (couples, adulte(s) avec enfants, etc.)</li>
</ul>
<h2>Cotisation personne morale</h2>
<table class="table table-striped">
<thead>
<tr>
<th>Statut</th>
<th>Tarif annuel</th>
</tr>
</thead>
<tbody>
<tr>
<td>Association, entreprise de moins de 10 personnes, collectivité</td>
<td>100 €</td>
</tr>
<tr>
<td>Entreprise de 10 personnes et plus</td>
<td>500 €</td>
</tr>
</tbody>
</table>
<ul>
<li>Association, entreprise de moins de 10 personnes, collectivité : dans la limite de 3 personnes identifiées.</li>
<li>Entreprise de 10 personnes et plus : dans la limite de 5 personnes identifiées.</li>
</ul>
<p>Une personne morale est membre de plein droit de l&rsquo;association, et a donc droit de vote aux assemblées générales de l&rsquo;association, et peut se présenter au conseil d&rsquo;administration au bout de six mois d&rsquo;ancienneté par l&rsquo;intermédiaire de son représentant identifié lors de l&rsquo;inscription.</p>
<p>Pour information, le montant de la cotisation est valable 1 an à compter de la date de règlement de l&rsquo;adhésion.</p>
<h2>Pour les adhérents</h2>
<table class="table table-striped">
<thead>
<tr>
<th>Service</th>
<th>Tarification</th>
</tr>
</thead>
<tbody>
<tr>
<td>Accès au local</td>
<td>Gratuit (compris dans la cotisation)</td>
</tr>
<tr>
<td>Accès au petit outillage</td>
<td>Gratuit (compris dans la cotisation)</td>
</tr>
<tr>
<td>Accès au gros outillage</td>
<td>Tarification à l&rsquo;heure (en fonction de l&rsquo;outil)</td>
</tr>
</tbody>
</table>
<h1>Les documents essentiels</h1>
<p>En attendant, vous pouvez jeter un œil aux <a href="https://www.fablab-sud31.fr/index.php/documents/" hreflang="fr">documents essentiels du Fab Lab</a>.</p>

<p>Comment adhérer au Fab Lab Sud31-Val d&rsquo;Ariège ? Tout simplement en passant nous voir. Dans le cas d&rsquo;une adhésion à demi-tarif, pensez à amener les justificatifs nécessaires. Combien ça coûte &hellip; </p>
<p class="link-more"><a href="https://www.fablab-sud31.fr/index.php/adherer" class="more-link">Continuer la lecture<span class="screen-reader-text"> de &laquo;&nbsp;Adhérer&nbsp;&raquo;</span></a></p>
