{"id":208,"date":"2017-07-03T17:38:33","date_gmt":"2017-07-03T15:38:33","guid":{"rendered":"https:\/\/www.fablab-sud31.fr\/wordpress\/?page_id=208"},"modified":"2026-02-07T14:49:47","modified_gmt":"2026-02-07T13:49:47","slug":"documents","status":"publish","type":"page","link":"https:\/\/www.fablab-sud31.fr\/index.php\/documents","title":{"rendered":"Documents"},"content":{"rendered":"<p>Vous trouverez sur cette page les documents li\u00e9s \u00e0 l&rsquo;association.<\/p>\n<h1>Les documents essentiels<\/h1>\n<ul>\n<li><a href=\"https:\/\/www.fablab-sud31.fr\/wp-content\/uploads\/2017\/07\/reglement_interieur.pdf\">R\u00e8glement int\u00e9rieur<\/a><\/li>\n<li><a href=\"https:\/\/www.fablab-sud31.fr\/wp-content\/uploads\/2017\/07\/statuts.pdf\">Statuts<\/a><\/li>\n<li><a href=\"https:\/\/www.fablab-sud31.fr\/wp-content\/uploads\/2017\/07\/publication_jo.pdf\">Publication au Journal Officiel<\/a><\/li>\n<\/ul>\n<h1>Les rapports d&rsquo;assembl\u00e9e g\u00e9n\u00e9rale<\/h1>\n<ul>\n<li><a href=\"https:\/\/www.fablab-sud31.fr\/wp-content\/uploads\/2026\/02\/Rapports_AGO2025_V1.pdf\">Assembl\u00e9e g\u00e9n\u00e9rale ordinaire 2025<\/a><\/li>\n<li><a href=\"https:\/\/www.fablab-sud31.fr\/wp-content\/uploads\/2026\/02\/Rapports_AGO2024_V1.pdf\">Assembl\u00e9e g\u00e9n\u00e9rale ordinaire 2024<\/a><\/li>\n<li><a href=\"https:\/\/www.fablab-sud31.fr\/wp-content\/uploads\/2026\/02\/Rapports-AGO-2023.pdf\">Assembl\u00e9e g\u00e9n\u00e9rale ordinaire 2023<\/a><\/li>\n<li><a href=\"https:\/\/www.fablab-sud31.fr\/wp-content\/uploads\/2023\/05\/2023-01-21_Rapports-AGO-2022.pdf\">Assembl\u00e9e g\u00e9n\u00e9rale ordinaire 2022<\/a><\/li>\n<li><a href=\"https:\/\/www.fablab-sud31.fr\/wp-content\/uploads\/2022\/03\/rapports_ago_2021.pdf\">Assembl\u00e9e g\u00e9n\u00e9rale ordinaire 2021<\/a><\/li>\n<li><a href=\"https:\/\/www.fablab-sud31.fr\/wp-content\/uploads\/2021\/09\/rapports_ago_2020.pdf\">Assembl\u00e9e g\u00e9n\u00e9rale ordinaire 2020<\/a><\/li>\n<li><a href=\"https:\/\/www.fablab-sud31.fr\/wp-content\/uploads\/2020\/01\/rapports_ago_2019.pdf\">Assembl\u00e9e g\u00e9n\u00e9rale ordinaire 2019<\/a><\/li>\n<li><a href=\"https:\/\/www.fablab-sud31.fr\/wp-content\/uploads\/2019\/01\/rapports_ago_2018.pdf\">Assembl\u00e9e g\u00e9n\u00e9rale ordinaire 2018<\/a><\/li>\n<li><a href=\"https:\/\/www.fablab-sud31.fr\/wp-content\/uploads\/2018\/01\/rapports_ago_2017.pdf\">Assembl\u00e9e g\u00e9n\u00e9rale ordinaire 2017<\/a><\/li>\n<li><a href=\"https:\/\/www.fablab-sud31.fr\/wp-content\/uploads\/2017\/07\/rapports_ago_2016.pdf\">Assembl\u00e9e g\u00e9n\u00e9rale ordinaire 2016<\/a><\/li>\n<li><a href=\"https:\/\/www.fablab-sud31.fr\/wp-content\/uploads\/2017\/07\/rapports_ago_2015.pdf\">Assembl\u00e9e g\u00e9n\u00e9rale ordinaire 2015<\/a><\/li>\n<li><a href=\"https:\/\/www.fablab-sud31.fr\/wp-content\/uploads\/2017\/07\/rapports_ago_2014.pdf\">Assembl\u00e9e g\u00e9n\u00e9rale ordinaire 2014<\/a><\/li>\n<\/ul>\n\n\n<p><\/p>\n","protected":false},"excerpt":{"rendered":"<p>Vous trouverez sur cette page les documents li\u00e9s \u00e0 l&rsquo;association. Les documents essentiels R\u00e8glement int\u00e9rieur Statuts Publication au Journal Officiel Les rapports d&rsquo;assembl\u00e9e g\u00e9n\u00e9rale Assembl\u00e9e g\u00e9n\u00e9rale ordinaire 2025 Assembl\u00e9e g\u00e9n\u00e9rale &hellip; <\/p>\n<p class=\"link-more\"><a href=\"https:\/\/www.fablab-sud31.fr\/index.php\/documents\" class=\"more-link\">Continuer la lecture<span class=\"screen-reader-text\"> de &laquo;&nbsp;Documents&nbsp;&raquo;<\/span><\/a><\/p>\n","protected":false},"author":1,"featured_media":0,"parent":0,"menu_order":0,"comment_status":"closed","ping_status":"closed","template":"","meta":{"footnotes":""},"class_list":["post-208","page","type-page","status-publish","hentry"],"_links":{"self":[{"href":"https:\/\/www.fablab-sud31.fr\/index.php\/wp-json\/wp\/v2\/pages\/208","targetHints":{"allow":["GET"]}}],"collection":[{"href":"https:\/\/www.fablab-sud31.fr\/index.php\/wp-json\/wp\/v2\/pages"}],"about":[{"href":"https:\/\/www.fablab-sud31.fr\/index.php\/wp-json\/wp\/v2\/types\/page"}],"author":[{"embeddable":true,"href":"https:\/\/www.fablab-sud31.fr\/index.php\/wp-json\/wp\/v2\/users\/1"}],"replies":[{"embeddable":true,"href":"https:\/\/www.fablab-sud31.fr\/index.php\/wp-json\/wp\/v2\/comments?post=208"}],"version-history":[{"count":24,"href":"https:\/\/www.fablab-sud31.fr\/index.php\/wp-json\/wp\/v2\/pages\/208\/revisions"}],"predecessor-version":[{"id":1574,"href":"https:\/\/www.fablab-sud31.fr\/index.php\/wp-json\/wp\/v2\/pages\/208\/revisions\/1574"}],"wp:attachment":[{"href":"https:\/\/www.fablab-sud31.fr\/index.php\/wp-json\/wp\/v2\/media?parent=208"}],"curies":[{"name":"wp","href":"https:\/\/api.w.org\/{rel}","templated":true}]}}

<p>Vous trouverez sur cette page les documents liés à l&rsquo;association.</p>
<h1>Les documents essentiels</h1>
<ul>
<li><a href="https://www.fablab-sud31.fr/wp-content/uploads/2017/07/reglement_interieur.pdf">Règlement intérieur</a></li>
<li><a href="https://www.fablab-sud31.fr/wp-content/uploads/2017/07/statuts.pdf">Statuts</a></li>
<li><a href="https://www.fablab-sud31.fr/wp-content/uploads/2017/07/publication_jo.pdf">Publication au Journal Officiel</a></li>
</ul>
<h1>Les rapports d&rsquo;assemblée générale</h1>
<ul>
<li><a href="https://www.fablab-sud31.fr/wp-content/uploads/2026/02/Rapports_AGO2025_V1.pdf">Assemblée générale ordinaire 2025</a></li>
<li><a href="https://www.fablab-sud31.fr/wp-content/uploads/2026/02/Rapports_AGO2024_V1.pdf">Assemblée générale ordinaire 2024</a></li>
<li><a href="https://www.fablab-sud31.fr/wp-content/uploads/2026/02/Rapports-AGO-2023.pdf">Assemblée générale ordinaire 2023</a></li>
<li><a href="https://www.fablab-sud31.fr/wp-content/uploads/2023/05/2023-01-21_Rapports-AGO-2022.pdf">Assemblée générale ordinaire 2022</a></li>
<li><a href="https://www.fablab-sud31.fr/wp-content/uploads/2022/03/rapports_ago_2021.pdf">Assemblée générale ordinaire 2021</a></li>
<li><a href="https://www.fablab-sud31.fr/wp-content/uploads/2021/09/rapports_ago_2020.pdf">Assemblée générale ordinaire 2020</a></li>
<li><a href="https://www.fablab-sud31.fr/wp-content/uploads/2020/01/rapports_ago_2019.pdf">Assemblée générale ordinaire 2019</a></li>
<li><a href="https://www.fablab-sud31.fr/wp-content/uploads/2019/01/rapports_ago_2018.pdf">Assemblée générale ordinaire 2018</a></li>
<li><a href="https://www.fablab-sud31.fr/wp-content/uploads/2018/01/rapports_ago_2017.pdf">Assemblée générale ordinaire 2017</a></li>
<li><a href="https://www.fablab-sud31.fr/wp-content/uploads/2017/07/rapports_ago_2016.pdf">Assemblée générale ordinaire 2016</a></li>
<li><a href="https://www.fablab-sud31.fr/wp-content/uploads/2017/07/rapports_ago_2015.pdf">Assemblée générale ordinaire 2015</a></li>
<li><a href="https://www.fablab-sud31.fr/wp-content/uploads/2017/07/rapports_ago_2014.pdf">Assemblée générale ordinaire 2014</a></li>
</ul>


<p></p>

<p>Vous trouverez sur cette page les documents liés à l&rsquo;association. Les documents essentiels Règlement intérieur Statuts Publication au Journal Officiel Les rapports d&rsquo;assemblée générale Assemblée générale ordinaire 2025 Assemblée générale &hellip; </p>
<p class="link-more"><a href="https://www.fablab-sud31.fr/index.php/documents" class="more-link">Continuer la lecture<span class="screen-reader-text"> de &laquo;&nbsp;Documents&nbsp;&raquo;</span></a></p>
