{"id":195,"date":"2017-07-03T17:28:58","date_gmt":"2017-07-03T15:28:58","guid":{"rendered":"https:\/\/www.fablab-sud31.fr\/wordpress\/?page_id=195"},"modified":"2017-07-03T17:28:58","modified_gmt":"2017-07-03T15:28:58","slug":"mentions-legales","status":"publish","type":"page","link":"https:\/\/www.fablab-sud31.fr\/index.php\/mentions-legales","title":{"rendered":"Mentions l\u00e9gales"},"content":{"rendered":"<p>Ce site est mis \u00e0 disposition et maintenu par l\u2019association Fab Lab Sud31-Val d&rsquo;Ari\u00e8ge, association loi 1901 :<br \/>\nFab Lab Sud31-Val d&rsquo;Ari\u00e8ge<br \/>\n10 rue de la R\u00e9publique<br \/>\nAppt 4<br \/>\n31550 Cintegabelle<br \/>\nEmail : contact at fablab-sud31.fr<br \/>\nN\u2019h\u00e9sitez pas \u00e0 nous contacter pour obtenir des informations compl\u00e9mentaires.<\/p>\n<h1>\u00c9dition et publication :<\/h1>\n<p>Fab Lab Sud31-Val d&rsquo;Ari\u00e8ge<br \/>\n10 rue de la R\u00e9publique<br \/>\nAppt 4<br \/>\n31550 Cintegabelle<\/p>\n<h1>H\u00e9bergement :<\/h1>\n<p>ovh.com<\/p>\n<h1>D\u00e9claration et droit d&rsquo;acc\u00e8s<\/h1>\n<p>Les commentaires enregistr\u00e9s sur ce site donnent lieu \u00e0 un enregistrement des informations de connexion (adresse IP, pseudonyme et \u00e9ventuellement adresse e-mail et site web). Les personnes concern\u00e9es peuvent demander copie de ces informations et les faire modifier (changement de pseudonyme, d&rsquo;adresse e-mail ou de site web, etc.), ou rectifier en cas d&rsquo;erreur ou supprimer (article 34 de la loi du 6 janvier 1978 relative \u00e0 l&rsquo;informatique, aux fichiers et aux libert\u00e9s). Dans ce cas, envoyez nous un e-mail \u00e0 l&rsquo;adresse de contact.<\/p>\n<h1>Mod\u00e9ration<\/h1>\n<p>Les commentaires et les enregistr\u00e9s sur ce site pourront faire l&rsquo;objet d&rsquo;une mod\u00e9ration (suppression et\/ou modification) sans pr\u00e9avis et \u00e0 tout moment, entre autres si leurs contenus contreviennent aux lois en vigueur.<\/p>\n","protected":false},"excerpt":{"rendered":"<p>Ce site est mis \u00e0 disposition et maintenu par l\u2019association Fab Lab Sud31-Val d&rsquo;Ari\u00e8ge, association loi 1901 : Fab Lab Sud31-Val d&rsquo;Ari\u00e8ge 10 rue de la R\u00e9publique Appt 4 31550 &hellip; <\/p>\n<p class=\"link-more\"><a href=\"https:\/\/www.fablab-sud31.fr\/index.php\/mentions-legales\" class=\"more-link\">Continuer la lecture<span class=\"screen-reader-text\"> de &laquo;&nbsp;Mentions l\u00e9gales&nbsp;&raquo;<\/span><\/a><\/p>\n","protected":false},"author":1,"featured_media":0,"parent":0,"menu_order":0,"comment_status":"closed","ping_status":"closed","template":"","meta":{"footnotes":""},"class_list":["post-195","page","type-page","status-publish","hentry"],"_links":{"self":[{"href":"https:\/\/www.fablab-sud31.fr\/index.php\/wp-json\/wp\/v2\/pages\/195","targetHints":{"allow":["GET"]}}],"collection":[{"href":"https:\/\/www.fablab-sud31.fr\/index.php\/wp-json\/wp\/v2\/pages"}],"about":[{"href":"https:\/\/www.fablab-sud31.fr\/index.php\/wp-json\/wp\/v2\/types\/page"}],"author":[{"embeddable":true,"href":"https:\/\/www.fablab-sud31.fr\/index.php\/wp-json\/wp\/v2\/users\/1"}],"replies":[{"embeddable":true,"href":"https:\/\/www.fablab-sud31.fr\/index.php\/wp-json\/wp\/v2\/comments?post=195"}],"version-history":[{"count":1,"href":"https:\/\/www.fablab-sud31.fr\/index.php\/wp-json\/wp\/v2\/pages\/195\/revisions"}],"predecessor-version":[{"id":196,"href":"https:\/\/www.fablab-sud31.fr\/index.php\/wp-json\/wp\/v2\/pages\/195\/revisions\/196"}],"wp:attachment":[{"href":"https:\/\/www.fablab-sud31.fr\/index.php\/wp-json\/wp\/v2\/media?parent=195"}],"curies":[{"name":"wp","href":"https:\/\/api.w.org\/{rel}","templated":true}]}}

Mentions légales

<p>Ce site est mis à disposition et maintenu par l’association Fab Lab Sud31-Val d&rsquo;Ariège, association loi 1901 :<br />
Fab Lab Sud31-Val d&rsquo;Ariège<br />
10 rue de la République<br />
Appt 4<br />
31550 Cintegabelle<br />
Email : contact at fablab-sud31.fr<br />
N’hésitez pas à nous contacter pour obtenir des informations complémentaires.</p>
<h1>Édition et publication :</h1>
<p>Fab Lab Sud31-Val d&rsquo;Ariège<br />
10 rue de la République<br />
Appt 4<br />
31550 Cintegabelle</p>
<h1>Hébergement :</h1>
<p>ovh.com</p>
<h1>Déclaration et droit d&rsquo;accès</h1>
<p>Les commentaires enregistrés sur ce site donnent lieu à un enregistrement des informations de connexion (adresse IP, pseudonyme et éventuellement adresse e-mail et site web). Les personnes concernées peuvent demander copie de ces informations et les faire modifier (changement de pseudonyme, d&rsquo;adresse e-mail ou de site web, etc.), ou rectifier en cas d&rsquo;erreur ou supprimer (article 34 de la loi du 6 janvier 1978 relative à l&rsquo;informatique, aux fichiers et aux libertés). Dans ce cas, envoyez nous un e-mail à l&rsquo;adresse de contact.</p>
<h1>Modération</h1>
<p>Les commentaires et les enregistrés sur ce site pourront faire l&rsquo;objet d&rsquo;une modération (suppression et/ou modification) sans préavis et à tout moment, entre autres si leurs contenus contreviennent aux lois en vigueur.</p>

<p>Ce site est mis à disposition et maintenu par l’association Fab Lab Sud31-Val d&rsquo;Ariège, association loi 1901 : Fab Lab Sud31-Val d&rsquo;Ariège 10 rue de la République Appt 4 31550 &hellip; </p>
<p class="link-more"><a href="https://www.fablab-sud31.fr/index.php/mentions-legales" class="more-link">Continuer la lecture<span class="screen-reader-text"> de &laquo;&nbsp;Mentions légales&nbsp;&raquo;</span></a></p>
