{"id":1027,"date":"2018-05-26T14:14:20","date_gmt":"2018-05-26T12:14:20","guid":{"rendered":"https:\/\/www.fablab-sud31.fr\/?page_id=1027"},"modified":"2018-12-19T17:13:34","modified_gmt":"2018-12-19T16:13:34","slug":"les-realisations","status":"publish","type":"page","link":"https:\/\/www.fablab-sud31.fr\/index.php\/les-realisations","title":{"rendered":"Les r\u00e9alisations"},"content":{"rendered":"<h2>Ces r\u00e9alisations ont \u00e9t\u00e9 faites \u00e0 l&rsquo;aide du Fab Lab.<\/h2>\n<p><!-- Afficheur T\u00e9l\u00e9thon --><\/p>\n<p><!-- Boitier disque dur USB-C vers SATA --><\/p>\n<p><!-- Boutons de clef --><\/p>\n<p><!-- Feuilles pour chignon --><\/p>\n<p><!-- PicoPrint --><\/p>\n<p><!-- La Picoreuse --><\/p>\n<p><!-- Pochoirs de rue --><\/p>\n<p><!-- Sous-verres en li\u00e8ge --><\/p>\n<table style=\"width: 100%;\">\n<tbody>\n<tr>\n<td style=\"padding: 1em; text-align: left;\"><a href=\"https:\/\/www.fablab-sud31.fr\/index.php\/afficheur-telethon\"><strong>Afficheur T\u00e9l\u00e9thon<\/strong><\/a><br \/>\n<em>par Fab Lab Sud31 &#8211; Val d&rsquo;Ari\u00e8ge<\/em><\/td>\n<td style=\"padding: 1em; text-align: right;\"><a href=\"https:\/\/www.fablab-sud31.fr\/index.php\/afficheur-telethon\"><img loading=\"lazy\" decoding=\"async\" class=\"size-medium wp-image-1020\" src=\"https:\/\/www.fablab-sud31.fr\/wp-content\/uploads\/2018\/05\/afficheur_telethon_01-300x225.jpg\" alt=\"\" width=\"300\" height=\"225\" srcset=\"https:\/\/www.fablab-sud31.fr\/wp-content\/uploads\/2018\/05\/afficheur_telethon_01-300x225.jpg 300w, https:\/\/www.fablab-sud31.fr\/wp-content\/uploads\/2018\/05\/afficheur_telethon_01-768x576.jpg 768w, https:\/\/www.fablab-sud31.fr\/wp-content\/uploads\/2018\/05\/afficheur_telethon_01-1024x768.jpg 1024w\" sizes=\"auto, (max-width: 300px) 100vw, 300px\" \/><\/a><\/td>\n<\/tr>\n<tr>\n<td style=\"padding: 1em; text-align: left;\"><a href=\"https:\/\/www.fablab-sud31.fr\/index.php\/boitier-disque-dur-usb-c-vers-sata\"><img loading=\"lazy\" decoding=\"async\" class=\"size-medium wp-image-1014\" src=\"https:\/\/www.fablab-sud31.fr\/wp-content\/uploads\/2018\/05\/usb_sata_01-300x225.jpg\" alt=\"\" width=\"300\" height=\"225\" srcset=\"https:\/\/www.fablab-sud31.fr\/wp-content\/uploads\/2018\/05\/usb_sata_01-300x225.jpg 300w, https:\/\/www.fablab-sud31.fr\/wp-content\/uploads\/2018\/05\/usb_sata_01-768x576.jpg 768w, https:\/\/www.fablab-sud31.fr\/wp-content\/uploads\/2018\/05\/usb_sata_01-1024x768.jpg 1024w\" sizes=\"auto, (max-width: 300px) 100vw, 300px\" \/><\/a><\/td>\n<td style=\"padding: 1em; text-align: right;\"><strong><a href=\"https:\/\/www.fablab-sud31.fr\/index.php\/boitier-disque-dur-usb-c-vers-sata\">Boitier disque dur USB-C vers SATA<\/a><\/strong><br \/>\n<em>par Arnaud Boudou<\/em><\/td>\n<\/tr>\n<tr>\n<td style=\"padding: 1em; text-align: left;\"><a href=\"https:\/\/www.fablab-sud31.fr\/index.php\/boutons-de-clef\"><strong>Boutons de clef<\/strong><\/a><br \/>\n<em>par Francis Micheli<\/em><\/td>\n<td style=\"padding: 1em; text-align: right;\"><a class=\"alignnone\" href=\"https:\/\/www.fablab-sud31.fr\/wp-content\/uploads\/2018\/10\/bouton_clef_main.jpg\"><img loading=\"lazy\" decoding=\"async\" class=\"wp-image-1092 size-medium\" src=\"https:\/\/www.fablab-sud31.fr\/wp-content\/uploads\/2018\/10\/bouton_clef_main-300x225.jpg\" alt=\"\" width=\"300\" height=\"225\"><\/a><\/td>\n<\/tr>\n<tr>\n<td style=\"padding: 1em; text-align: left;\"><a class=\"alignnone\" href=\"https:\/\/www.fablab-sud31.fr\/wp-content\/uploads\/2018\/10\/feuilles_header.jpg\"><img loading=\"lazy\" decoding=\"async\" class=\"wp-image-1092 size-medium\" src=\"https:\/\/www.fablab-sud31.fr\/wp-content\/uploads\/2018\/10\/feuilles_header-300x169.jpg\" alt=\"\" width=\"300\" height=\"225\"><\/a><\/td>\n<td style=\"padding: 1em; text-align: right;\"><a href=\"https:\/\/www.fablab-sud31.fr\/index.php\/feuilles-pour-chignon\"><strong>Feuilles pour chignon<\/strong><\/a><br \/>\n<em>par Francis Micheli<\/em><\/td>\n<\/tr>\n<tr>\n<td style=\"padding: 1em; text-align: left;\"><a href=\"https:\/\/www.fablab-sud31.fr\/index.php\/martinique-en-3d\"><strong>Martinique en 3D<\/strong><\/a><br \/>\n<em>par Francis Micheli<\/em><\/td>\n<td style=\"padding: 1em; text-align: right;\"><a class=\"alignnone\" href=\"https:\/\/www.fablab-sud31.fr\/wp-content\/uploads\/2018\/12\/martinique_3d.jpg\"><img loading=\"lazy\" decoding=\"async\" class=\"wp-image-1092 size-medium\" src=\"https:\/\/www.fablab-sud31.fr\/wp-content\/uploads\/2018\/12\/martinique_3d-300x225.jpg\" alt=\"\" width=\"300\" height=\"225\"><\/a><\/td>\n<\/tr>\n<tr>\n<td style=\"padding: 1em; text-align: left;\"><a class=\"alignnone\" href=\"https:\/\/www.fablab-sud31.fr\/wp-content\/uploads\/2018\/07\/picoprint_header.jpg\"><img loading=\"lazy\" decoding=\"async\" class=\"wp-image-1092 size-medium\" src=\"https:\/\/www.fablab-sud31.fr\/wp-content\/uploads\/2018\/07\/picoprint_header-300x226.jpg\" alt=\"\" width=\"300\" height=\"226\" srcset=\"https:\/\/www.fablab-sud31.fr\/wp-content\/uploads\/2018\/07\/picoprint_header-300x226.jpg 300w, https:\/\/www.fablab-sud31.fr\/wp-content\/uploads\/2018\/07\/picoprint_header.jpg 705w\" sizes=\"auto, (max-width: 300px) 100vw, 300px\" \/><\/a><\/td>\n<td style=\"padding: 1em; text-align: right;\"><a href=\"https:\/\/www.fablab-sud31.fr\/index.php\/picoprint\"><strong>PicoPrint<\/strong><\/a><br \/>\n<em>par S\u00e9bastien Durand<\/em><\/td>\n<\/tr>\n<tr>\n<td style=\"padding: 1em; text-align: left;\"><a href=\"https:\/\/www.fablab-sud31.fr\/index.php\/la-picoreuse\"><strong>La Picoreuse<\/strong><\/a><br \/>\n<em>par S\u00e9bastien Durand<\/em><\/td>\n<td style=\"padding: 1em; text-align: right;\"><a href=\"https:\/\/www.fablab-sud31.fr\/index.php\/la-picoreuse\"><img loading=\"lazy\" decoding=\"async\" class=\"size-medium wp-image-999\" src=\"https:\/\/www.fablab-sud31.fr\/wp-content\/uploads\/2018\/05\/la_picoreuse_01-300x199.jpg\" alt=\"\" width=\"300\" height=\"199\" srcset=\"https:\/\/www.fablab-sud31.fr\/wp-content\/uploads\/2018\/05\/la_picoreuse_01-300x199.jpg 300w, https:\/\/www.fablab-sud31.fr\/wp-content\/uploads\/2018\/05\/la_picoreuse_01-768x510.jpg 768w, https:\/\/www.fablab-sud31.fr\/wp-content\/uploads\/2018\/05\/la_picoreuse_01-1024x680.jpg 1024w\" sizes=\"auto, (max-width: 300px) 100vw, 300px\" \/><\/a><\/td>\n<\/tr>\n<tr>\n<td style=\"padding: 1em; text-align: left;\"><a class=\"alignnone\" href=\"https:\/\/www.fablab-sud31.fr\/wp-content\/uploads\/2018\/09\/frissonnantes_header.jpg\"><img loading=\"lazy\" decoding=\"async\" class=\"wp-image-1092 size-medium\" src=\"https:\/\/www.fablab-sud31.fr\/wp-content\/uploads\/2018\/09\/frissonnantes_header-300x200.jpg\" alt=\"\" width=\"300\" height=\"200\"><\/a><\/td>\n<td style=\"padding: 1em; text-align: right;\"><a href=\"https:\/\/www.fablab-sud31.fr\/index.php\/pochoir-de-rue\"><strong>Pochoirs de rue<\/strong><\/a><br \/>\n<em>par Muriel Goudol et Laurent Padiou<\/em><\/td>\n<\/tr>\n<tr>\n<td style=\"padding: 1em; text-align: left;\"><a href=\"https:\/\/www.fablab-sud31.fr\/index.php\/sous-verres-en-liege\"><strong>Sous-verres en li\u00e8ge<\/strong><\/a><br \/>\n<em>par Laurent Padiou<\/em><\/td>\n<td style=\"padding: 1em; text-align: right;\"><a class=\"alignnone\" href=\"https:\/\/www.fablab-sud31.fr\/wp-content\/uploads\/2018\/07\/sous_verres_header.jpg\"><img loading=\"lazy\" decoding=\"async\" class=\"wp-image-1092 size-medium\" src=\"https:\/\/www.fablab-sud31.fr\/wp-content\/uploads\/2018\/07\/sous_verres_header-300x200.jpg\" alt=\"\" width=\"300\" height=\"200\"><\/a><\/td>\n<\/tr>\n<\/tbody>\n<\/table>\n","protected":false},"excerpt":{"rendered":"<p>Ces r\u00e9alisations ont \u00e9t\u00e9 faites \u00e0 l&rsquo;aide du Fab Lab. Afficheur T\u00e9l\u00e9thon par Fab Lab Sud31 &#8211; Val d&rsquo;Ari\u00e8ge Boitier disque dur USB-C vers SATA par Arnaud Boudou Boutons de &hellip; <\/p>\n<p class=\"link-more\"><a href=\"https:\/\/www.fablab-sud31.fr\/index.php\/les-realisations\" class=\"more-link\">Continuer la lecture<span class=\"screen-reader-text\"> de &laquo;&nbsp;Les r\u00e9alisations&nbsp;&raquo;<\/span><\/a><\/p>\n","protected":false},"author":1,"featured_media":0,"parent":0,"menu_order":0,"comment_status":"closed","ping_status":"closed","template":"","meta":{"footnotes":""},"class_list":["post-1027","page","type-page","status-publish","hentry"],"_links":{"self":[{"href":"https:\/\/www.fablab-sud31.fr\/index.php\/wp-json\/wp\/v2\/pages\/1027","targetHints":{"allow":["GET"]}}],"collection":[{"href":"https:\/\/www.fablab-sud31.fr\/index.php\/wp-json\/wp\/v2\/pages"}],"about":[{"href":"https:\/\/www.fablab-sud31.fr\/index.php\/wp-json\/wp\/v2\/types\/page"}],"author":[{"embeddable":true,"href":"https:\/\/www.fablab-sud31.fr\/index.php\/wp-json\/wp\/v2\/users\/1"}],"replies":[{"embeddable":true,"href":"https:\/\/www.fablab-sud31.fr\/index.php\/wp-json\/wp\/v2\/comments?post=1027"}],"version-history":[{"count":29,"href":"https:\/\/www.fablab-sud31.fr\/index.php\/wp-json\/wp\/v2\/pages\/1027\/revisions"}],"predecessor-version":[{"id":1200,"href":"https:\/\/www.fablab-sud31.fr\/index.php\/wp-json\/wp\/v2\/pages\/1027\/revisions\/1200"}],"wp:attachment":[{"href":"https:\/\/www.fablab-sud31.fr\/index.php\/wp-json\/wp\/v2\/media?parent=1027"}],"curies":[{"name":"wp","href":"https:\/\/api.w.org\/{rel}","templated":true}]}}